1466.
2, 10733
What are the prime factors of 1096827?
3, 163, 2243
List the prime factors of 22241843.
13, 307, 5573
List the prime factors of 4328852.
2, 11, 37, 2659
What are the prime factors of 3099188?
2, 774797
What are the prime factors of 1557991?
1557991
What are the prime factors of 139463?
89, 1567
List the prime factors of 3320127.
3, 47, 167
What are the prime factors of 10815354?
2, 3, 11, 54623
List the prime factors of 11281495.
5, 2256299
What are the prime factors of 206353?
7, 41, 719
What are the prime factors of 5144658?
2, 3, 29, 29567
List the prime factors of 586672.
2, 37, 991
List the prime factors of 17296281.
3, 751, 853
What are the prime factors of 22272266?
2, 41, 47, 5779
What are the prime factors of 37452788?
2, 9363197
List the prime factors of 4409469.
3, 489941
List the prime factors of 526692.
2, 3, 43891
What are the prime factors of 1805381?
1805381
What are the prime factors of 7450102?
2, 11, 397, 853
List the prime factors of 37793242.
2, 19, 994559
What are the prime factors of 26860281?
3, 7, 19, 59, 163
What are the prime factors of 695443?
7, 99349
List the prime factors of 804952.
2, 239, 421
List the prime factors of 19633517.
19, 1033343
What are the prime factors of 156118?
2, 78059
List the prime factors of 377688.
2, 3, 15737
What are the prime factors of 5454673?
7, 779239
List the prime factors of 494497.
494497
List the prime factors of 5422506.
2, 3, 903751
What are the prime factors of 5672716?
2, 7, 19, 10663
List the prime factors of 15587.
11, 13, 109
What are the prime factors of 6688107?
3, 743123
List the prime factors of 1051748.
2, 262937
List the prime factors of 7921412.
2, 1980353
What are the prime factors of 254992?
2, 15937
List the prime factors of 197106.
2, 3, 7, 13, 19
List the prime factors of 29451074.
2, 14725537
List the prime factors of 810494.
2, 405247
What are the prime factors of 1097182?
2, 548591
What are the prime factors of 559609?
41, 13649
List the prime factors of 432823.
47, 9209
List the prime factors of 84153.
3, 28051
What are the prime factors of 14567542?
2, 11, 67, 9883
List the prime factors of 855786.
2, 3, 31, 43, 107
List the prime factors of 7744808.
2, 968101
List the prime factors of 10662930.
2, 3, 5, 257, 461
List the prime factors of 5579333.
541, 10313
What are the prime factors of 1819058?
2, 909529
What are the prime factors of 647677?
41, 15797
What are the prime factors of 1475190?
2, 3, 5, 37, 443
What are the prime factors of 280157?
281, 997
What are the prime factors of 1493849?
7, 213407
List the prime factors of 262783.
262783
List the prime factors of 379260.
2, 3, 5, 7, 43
What are the prime factors of 420121?
13, 17, 1901
What are the prime factors of 104325?
3, 5, 13, 107
List the prime factors of 178175.
5, 7127
What are the prime factors of 8706384?
2, 3, 103, 587
List the prime factors of 180033.
3, 7, 8573
What are the prime factors of 624772?
2, 23, 6791
List the prime factors of 2165435.
5, 433087
What are the prime factors of 591841?
591841
What are the prime factors of 23697013?
1511, 15683
List the prime factors of 380588.
2, 13, 563
What are the prime factors of 2638830?
2, 3, 5, 87961
What are the prime factors of 5228513?
5228513
What are the prime factors of 68212?
2, 17053
What are the prime factors of 331848?
2, 3, 11, 419
What are the prime factors of 8088111?
3, 23, 41, 953
What are the prime factors of 562908?
2, 3, 61, 769
List the prime factors of 37347.
3, 59, 211
List the prime factors of 1597265.
5, 319453
List the prime factors of 893562.
2, 3, 148927
List the prime factors of 39158189.
7, 5594027
What are the prime factors of 926628?
2, 3, 37, 2087
List the prime factors of 13691937.
3, 7, 651997
What are the prime factors of 217260?
2, 3, 5, 17, 71
List the prime factors of 4812539.
41, 107, 1097
List the prime factors of 425220.
2, 3, 5, 19, 373
What are the prime factors of 3562866?
2, 3, 7331
What are the prime factors of 1249753?
211, 5923
List the prime factors of 10714065.
3, 5, 31, 23041
List the prime factors of 10117235.
5, 2023447
List the prime factors of 53552.
2, 3347
List the prime factors of 2701936.
2, 47, 3593
What are the prime factors of 7420932?
2, 3, 139, 1483
List the prime factors of 717413.
717413
List the prime factors of 12521768.
2, 7, 31, 7213
List the prime factors of 642621.
3, 7, 71, 431
List the prime factors of 268432.
2, 19, 883
List the prime factors of 4761461.
83, 57367
What are the prime factors of 1231102?
2, 61, 10091
List the prime factors of 361500.
2, 3, 5, 241
What are the prime factors of 6587188?
2, 1646797
List the prime factors of 1170916.
2, 199, 1471
List the prime factors of 53732.
2, 7, 19, 101
List the prime factors of 11671684.
2, 379, 7699
What are the prime factors of 711589?
711589
What are the prime factors of 776157?
3, 293, 883
List the prime factors of 603098.
2, 19, 59, 269
What are the prime factors of 2053991?
17, 120823
What are the prime factors of 6758967?
3, 1117, 2017
What are the prime factors of 5121521?
5121521
List the prime factors of 271614.
2, 3, 7, 29, 223
What are the prime factors of 23513?
7, 3359
List the prime factors of 96095.
5, 19219
What are the prime factors of 20611645?
5, 4122329
What are the prime factors of 1795020?
2, 3, 5, 29917
What are the prime factors of 7083076?
2, 7, 11, 13, 29, 61
List the prime factors of 264581.
264581
What are the prime factors of 596035?
5, 11, 10837
What are the prime factors of 2899189?
43, 191, 353
List the prime factors of 2460151.
2460151
What are the prime factors of 4867855?
5, 89, 10939
List the prime factors of 4056255.
3, 5, 7, 79, 163
What are the prime factors of 18767030?
2, 5, 1876703
List the prime factors of 519708.
2, 3, 7, 23, 269
List the prime factors of 582098.
2, 11, 26459
List the prime factors of 751750.
2, 5, 31, 97
List the prime factors of 10921208.
2, 17, 131, 613
List the prime factors of 5990173.
7, 855739
List the prime factors of 262288.
2, 13, 97
What are the prime factors of 5494300?
2, 5, 7, 47, 167
List the prime factors of 4338118.
2, 19, 114161
List the prime factors of 219990.
2, 3, 5, 7333
List the prime factors of 111440.
2, 5, 7, 199
List the prime factors of 258360.
2, 3, 5, 2153
What are the prime factors of 1165410?
2, 3, 5, 23, 563
What are the prime factors of 849897?
3, 94433
List the prime factors of 49563.
3, 5507
List the prime factors of 514461.
3, 223, 769
What are the prime factors of 771655?
5, 157, 983
What are the prime factors of 17519797?
17519797
What are the prime factors of 7406707?
7, 11, 43, 2237
List the prime factors of 540126.
2, 3, 37, 811
What are the prime factors of 208483?
11, 1723
What are the prime factors of 13725552?
2, 3, 285949
List the prime factors of 211499.
211499
What are the prime factors of 15778503?
3, 13, 44953
What are the prime factors of 17501546?
2, 19, 31, 83, 179
List the prime factors of 1376101.
79, 17419
What are the prime factors of 4103097?
3, 251, 5449
List the prime factors of 725474.
2, 73, 4969
What are the prime factors of 362290?
2, 5, 36229
What are the prime factors of 3129578?
2, 991, 1579
What are the prime factors of 1774300?
2, 5, 11, 1613
What are the prime factors of 1800943?
739, 2437
What are the prime factors of 252723?
3, 61, 1381
List the prime factors of 7427405.
5, 107, 13883
List the prime factors of 7439490.
2, 3, 5, 131, 631
List the prime factors of 1086008.
2, 7, 11, 41, 43
What are the prime factors of 2037614?
2, 1018807
List the prime factors of 5665119.
3, 181, 10433
List the prime factors of 1118913.
3, 372971
List the prime factors of 2037229.
17, 293, 409
List the prime factors of 10779738.
2, 3, 179, 10037
List the prime factors of 2009440.
2, 5, 19, 661
What are the prime factors of 10192637?
7, 13, 16001
List the prime factors of 2124605.
5, 7, 60703
What are the prime factors of 2592240?
2, 3, 5, 7, 1543
List the prime factors of 111653.
111653
What are the prime factors of 520478?
2, 7, 47, 113
List the prime factors of 2418916.
2, 604729
List the prime factors of 1339144.
2, 167393
What are the prime factors of 4809404?
2, 751, 1601
What are the prime factors of 24406350?
2, 3, 5, 162709
What are the prime factors of 158331?
3, 89, 593
Li